mposite?
False
Is 1655 prime?
False
Is 4181 prime?
False
Is 5228699 a composite number?
True
Is 71039 prime?
True
Is 5471 a prime number?
True
Is 1737599 a prime number?
True
Is 3470299 a prime number?
False
Is 66085 prime?
False
Is 28127 a composite number?
True
Is 1829647 composite?
False
Is 14281 composite?
False
Is 1733 a prime number?
True
Is 10831 a composite number?
False
Is 9791 prime?
True
Is 22993 a composite number?
False
Is 186841 a composite number?
False
Is 58129 prime?
True
Is 80942 a prime number?
False
Is 99101 a prime number?
False
Is 133631 composite?
False
Is 417563 composite?
True
Is 5461 composite?
True
Is 1931 a prime number?
True
Is 10073 prime?
False
Is 196943 composite?
True
Is 4001 a prime number?
True
Is 113657 a composite number?
False
Is 81689 a prime number?
True
Is 1961 prime?
False
Is 16447 a prime number?
True
Is 14939 a prime number?
True
Is 11207 a composite number?
True
Is 12781 prime?
True
Is 9489 a composite number?
True
Is 86561 a composite number?
False
Is 318713 a prime number?
True
Is 2327 a prime number?
False
Is 2520019 prime?
False
Is 93355 a composite number?
True
Is 130171 a composite number?
False
Is 473563 composite?
True
Is 79669 a prime number?
True
Is 68993 a prime number?
True
Is 11777 a composite number?
False
Is 100459 a prime number?
True
Is 7061 prime?
False
Is 53813 composite?
False
Is 10901 composite?
True
Is 56995 a prime number?
False
Is 225601 a composite number?
False
Is 479 composite?
False
Is 24209 a prime number?
False
Is 241793 composite?
False
Is 68763 composite?
True
Is 105071 prime?
True
Is 2291 prime?
False
Is 1067 composite?
True
Is 257107 prime?
True
Is 4507 a composite number?
False
Is 852011 a prime number?
True
Is 316031 a prime number?
True
Is 10783 a composite number?
True
Is 144623 a prime number?
False
Is 149 a composite number?
False
Is 232751 a composite number?
False
Is 4229 prime?
True
Is 305215 a composite number?
True
Is 54427 a prime number?
False
Is 8945 a prime number?
False
Is 55493 a prime number?
False
Is 69061 a composite number?
False
Is 325671 a composite number?
True
Is 29066 a prime number?
False
Is 160007 prime?
False
Is 275813 a composite number?
False
Is 7441 a prime number?
False
Is 483971 a composite number?
False
Is 46619 prime?
True
Is 1423 composite?
False
Is 175358 a prime number?
False
Is 4289 a prime number?
True
Is 23011 a composite number?
False
Is 149003 prime?
False
Is 3163 a composite number?
False
Is 4197 a prime number?
False
Is 34019 a prime number?
True
Is 16319 a composite number?
False
Is 61849 a composite number?
True
Is 9649 a prime number?
True
Is 11437 composite?
False
Is 52613 a composite number?
True
Is 94553 prime?
False
Is 16127 prime?
True
Is 1171 a prime number?
True
Is 159667 a composite number?
False
Is 3371 a composite number?
False
Is 160437 composite?
True
Is 87891 a prime number?
False
Is 3097 a composite number?
True
Is 421877 composite?
True
Is 313471 prime?
True
Is 352739 a composite number?
False
Is 9974 prime?
False
Is 1539359 a composite number?
False
Is 1949 a prime number?
True
Is 551 a prime number?
False
Is 2431967 composite?
False
Is 14281 composite?
False
Is 674299 prime?
True
Is 37403 prime?
False
Is 514829 a composite number?
True
Is 839 composite?
False
Is 63321 a composite number?
True
Is 337243 a composite number?
True
Is 58003 prime?
False
Is 1307323 prime?
False
Is 11405 prime?
False
Is 9566 a prime number?
False
Is 34123 composite?
False
Is 39499 composite?
False
Is 1106659 composite?
True
Is 676829 composite?
False
Is 1399 a composite number?
False
Is 850897 a composite number?
False
Is 19011 a prime number?
False
Is 3047 composite?
True
Is 701 a composite number?
False
Is 153557 a prime number?
True
Is 701 composite?
False
Is 441521 a prime number?
False
Is 7069 composite?
False
Is 5603 composite?
True
Is 32687 a composite number?
False
Is 712031 composite?
True
Is 409 a composite number?
False
Is 178833 prime?
False
Is 25321 a prime number?
True
Is 18037 a prime number?
False
Is 5519401 composite?
True
Is 158 a prime number?
False
Is 14321 prime?
True
Is 40759 a prime number?
True
Is 11251 a composite number?
False
Is 6671 composite?
True
Is 309623 a prime number?
True
Is 13019 composite?
True
Is 723089 prime?
True
Is 8849 composite?
False
Is 2729 prime?
True
Is 48437 a composite number?
False
Is 908251 composite?
True
Is 138715 a prime number?
False
Is 22966 a prime number?
False
Is 14279 composite?
True
Is 1883 composite?
True
Is 8039 a composite number?
False
Is 31439 a composite number?
True
Is 40961 composite?
False
Is 307637 prime?
False
Is 55 a composite number?
True
Is 150621 prime?
False
Is 17377 a prime number?
True
Is 4487 composite?
True
Is 375571 a prime number?
False
Is 5723 a composite number?
True
Is 62993 prime?
False
Is 62179 composite?
True
Is 77947 prime?
False
Is 37229 a prime number?
False
Is 66061 a composite number?
True
Is 1160393 a prime number?
False
Is 2767 a composite number?
False
Is 1493027 a composite number?
False
Is 2923 composite?
True
Is 79063 a composite number?
False
Is 506231 prime?
False
Is 569747 a composite number?
False
Is 1518213 a composite number?
True
Is 20467 prime?
False
Is 974563 a composite number?
False
Is 10907 a prime number?
False
Is 25115 composite?
True
Is 329177 composite?
False
Is 1328107 a prime number?
False
Is 38431 a prime number?
True
Is 68659 prime?
True
Is 154153 a composite number?
False
Is 18839 composite?
False
Is 144187 prime?
False
Is 12401 prime?
True
Is 482743 composite?
False
Is 7339 prime?
False
Is 14695 a composite number?
True
Is 362513 a composite number?
True
Is 797143 a composite number?
False
Is 2267 prime?
True
Is 231529 composite?
False
Is 21963 prime?
False
Is 154753 a composite number?
False
Is 2611 prime?
False
Is 541693 prime?
True
Is 402199 prime?
False
Is 12839 a composite number?
True
Is 1649 a prime number?
False
Is 128591 prime?
True
Is 73121 prime?
True
Is 1361 composite?
False
Is 48721 a prime number?
False
Is 407063 a composite number?
True
Is 31379 prime?
True
Is 263 prime?
True
Is 21341 prime?
True
Is 33527 prime?
False
Is 246461 prime?
False
Is 520787 a prime number?
True
Is 45161 composite?
False
Is 16249 a prime number?
True
Is 5557 composite?
False
Is 23113 a prime number?
False
Is 20302 composite?
True
Is 299629 a prime number?
False
Is 21727 prime?
True
Is 29901 a composite number?
True
Is 38903 a composite number?
False
Is 4583 composite?
False
Is 752941 a composite number?
True
Is 1195 prime?
False
Is 4963 composite?
True
Is 4391 a prime number?
True
Is 2179 composite?
False
Is 83749 a composite number?
True
Is 7631 a composite number?
True
Is 17859 a prime number?
False
Is 185149 prime?
True
Is 1567738 a prime number?
False
Is 21011 a prime number?
True
Is 11477 a composite number?
True
Is 5147 composite?
False
Is 1507 a prime number?
False
Is 3119 a prime number?
True
Is 9587 a composite number?
False
Is 4166945 prime?
False
Is 30553 composite?
False
Is 6289 a composite number?
True
Is 353231 composite?
True
Is 1982129 a prime number?
True
Is 680803 a prime number?
True
Is 75967 prime?
True
Is 272683 prime?
True
Is 19001 composite?
False
Is 12439 prime?
False
Is 85061 a composite number?
False
Is 406457 a composite number?
True
Is 9413 a composite number?
False
Is 97694 prime?
False
Is 1187 composite?
False
Is 12581 composite?
True
Is 9863 composite?
True
Is 14621 composite?
False
Is 24899 a composite number?
True
Is 14827 a composite number?
False
Is 2789 a prime number?
True
Is 452203 a prime number?
False
Is 5758 a prime number?
False
Is 3137 prime?
True
Is 590819 prime?
True
Is 479119 prime?
False
Is 44489 a prime number?
False
Is 2397163 composite?
True
Is 43711 composite?
False
Is 2051 prime?
False
Is 3388895 prime?
False
Is 15053 prime?
True
Is 951779 prime?
False
Is 292517 a prime number?
True
Is 5167 a composite number?
False
Is 8683 a composite number?
True
Is 18413 a prime number?
True
Is 6938 prime?
False
Is 30367 prime?
True
Is 1992433 a prime number?
True
Is 2185361 composite?
True
Is 72401 a prime number?
False
Is 35023 a prime number?
True
Is 940331 prime?
False
Is 172127 a prime number?
True
Is 6313 prime?
False
Is 24197 a prime number?
True
Is 1509241 composit